der when b is divided by (18/(-4))/(6/(-16))?
9
Suppose 26 = 2*j + 3*u, 4*j - 59 = -4*u - 11. What is the remainder when 28 is divided by j?
8
Let x(s) = 26*s**2 - 3*s + 1. Let w be x(1). Suppose 4*d - w - 24 = 0. What is the remainder when 20 is divided by d?
8
Let t be 2*3 - (-3 + 5). Suppose t*u = 6*u - 46. Let j(v) = 8*v - 4. Calculate the remainder when u is divided by j(2).
11
Let b = -61 + 96. Let n = 0 + b. Calculate the remainder when n is divided by 19.
16
What is the remainder when 35 is divided by (-5)/2 - -2 - (-238)/28?
3
Let y(z) = -4*z**2 + 2*z + 3*z + 5*z**2 + 4. Calculate the remainder when 28 is divided by y(-6).
8
Calculate the remainder when ((-1)/(-3))/((-18)/108)*-40 is divided by 22.
14
Suppose -4*d = -5*b - 7, -4 + 3 = -d + 2*b. Suppose 4*v - c - 66 = c, -13 = -2*v - d*c. Calculate the remainder when 39 is divided by v.
11
Let m(t) = t**2 + 3*t - 7. Calculate the remainder when 8 is divided by m(-5).
2
Let r(g) = -g + 8. Let c be r(6). Let v be (1/(-3))/(c/(-18)). Suppose 2*w + 2*l = 40, -2*l + 88 = 8*w - v*w. Calculate the remainder when w is divided by 6.
4
Calculate the remainder when 3/((-1)/76*-6) is divided by 14.
10
Suppose -2*a - a + 9 = 0. Suppose -30 = -a*f - 3. Let p = -35 + 68. What is the remainder when p is divided by f?
6
Suppose -3*a - 4*y + 161 = 0, -3*a + 4*y = -2*a - 27. What is the remainder when 139 is divided by a?
45
Suppose 2 = -3*y + 71. Calculate the remainder when 44 is divided by y.
21
Suppose -80 = 4*u + 4*n + 52, -3*u = 4*n + 98. Let c = u + 108. Calculate the remainder when c is divided by 25.
24
Suppose 4*q - 2*g = 46, 2*q - q = 2*g + 13. Let x be (-3 + q + -2)*-2. Calculate the remainder when 10 is divided by (0 + 6)/(x/(-8)).
2
Let u = 18 + -10. What is the remainder when 27 is divided by u?
3
Suppose 3*g = -2*b + 387, -3*g = -b + 2*b - 387. Calculate the remainder when g is divided by 22.
19
Let s = 185 + -155. Calculate the remainder when 89 is divided by s.
29
Let i(k) = -11*k - 18. What is the remainder when i(-4) is divided by ((-9)/(-2))/(2/4)?
8
Let h(l) = -l**2 + 17. Suppose 10 = -4*j + 38. Suppose -2*r + a = -j*r + 169, -5*a - 13 = -r. What is the remainder when r is divided by h(0)?
16
Suppose -55 = 2*u + 3*u. Let l = u - -31. What is the remainder when 79 is divided by l?
19
What is the remainder when 22 is divided by 70/15 + 1/3?
2
Suppose -244 = -10*g + 36. What is the remainder when 82 is divided by g?
26
Suppose -6*c + 5 = -c. Suppose t = -5*n - 0*t - 26, 5*t - 38 = 3*n. Let l(m) = -m - 5. Calculate the remainder when c is divided by l(n).
0
Let x = -46 + 20. Suppose -5*a = 2*f - 35, -4*f - 4*a = -a - 35. What is the remainder when f is divided by 2/(-8) - x/8?
2
Suppose 0 = -2*u + u + 34. Let r = u + -20. Let a = r + -9. What is the remainder when 13 is divided by a?
3
Suppose -3*y + 0*c + 2*c = -64, -40 = -2*y + 2*c. Suppose 2*m + m + 3*z - y = 0, 0 = z - 2. Calculate the remainder when 21 is divided by m.
3
Let k = -28 - -54. Calculate the remainder when k is divided by 9.
8
Suppose -5*d = -4*d - 7. Suppose 2*i + d = v, 3*v - 4*i + 6*i = 37. Calculate the remainder when v is divided by ((-6)/4)/(12/(-32)).
3
Suppose -i + 53 = -5*p, -5*p + 13 = i - 0*i. What is the remainder when i is divided by 17?
16
Let n(d) = -d**3 - 11*d**2 - d - 14. Let p be n(-11). Let w be (32/4)/(-1 - p). What is the remainder when 12*w + (2 - 0) is divided by 13?
11
Let d = -3 + 6. Let a = 25 - 21. Suppose -3*c = -a*w + 41, -2*c + 5*c - 23 = -4*w. What is the remainder when w is divided by d?
2
Let r = 27 + 56. Calculate the remainder when r is divided by 21.
20
Suppose 2 = l - 57. Let b = 9 + 22. Calculate the remainder when l is divided by b.
28
Suppose 0*s = -2*s + 8. Suppose 3*z = -13 - 5. What is the remainder when 3/9 - 58/z is divided by s?
2
Suppose -2 = -2*s + a - 0*a, -2*s + 14 = 2*a. Let k(c) = -c + 16. Calculate the remainder when k(0) is divided by 6*s/(9/3).
4
Suppose 4*p - 50 = -p. Suppose 2*z - 42 = 4*a, -10*a = 2*z - 7*a - 28. What is the remainder when z is divided by p?
7
Let l = 9 - -13. What is the remainder when l is divided by 3?
1
Suppose -2*m - 9 = m, 5*k - 178 = -4*m. What is the remainder when k is divided by 20?
18
Let d(n) = -16*n**3 - n**2 - 2*n - 1. Let j be d(-1). Suppose y = 3*y - j. Calculate the remainder when 15 is divided by y.
7
Suppose 5*i = k + 2*i + 4, 5*i = 2*k + 5. Let s(b) = b**3 - 5*b**2 + 7*b - 5. Calculate the remainder when 59 is divided by s(k).
29
Let a = 2 + -1. Let p(f) be the first derivative of 4*f**3/3 + f**2 - f + 28. Calculate the remainder when 7 is divided by p(a).
2
Let r(u) = 9 - 3 + 7*u - 4*u. Let w be r(-4). What is the remainder when (-28)/(-6)*(-9)/w is divided by 3?
1
Calculate the remainder when 53 is divided by (-56)/(2 - 6) + 0.
11
Suppose r - 168 = -3*r - 4*o, 0 = 5*r - o - 204. Suppose g - 4*f + 0*f - 6 = 0, f = 4*g - 54. Calculate the remainder when r is divided by g.
13
Suppose -4*h - 42 = -6*h + 2*i, 0 = h - 4*i - 24. What is the remainder when 77 is divided by h?
17
Suppose 0*o = 4*o - 68. Suppose s - 5*u = -11, -3*s - 16 = -0*s + 2*u. What is the remainder when (s - -3)*98/(-6) is divided by o?
15
Let t(w) = 16*w + 1. What is the remainder when t(7) is divided by 29?
26
Let c(s) = -s**2 + 8*s + 1. Let v(d) be the first derivative of -d**2 - 5*d - 3. Let h be v(-5). What is the remainder when 46 is divided by c(h)?
14
Suppose 0 = -a + 3*a - 22. Suppose -4*h - a = -51. Calculate the remainder when h is divided by 6.
4
Let o = 39 + -70. Suppose r + 6 = 4*n, 0 = 3*r - 2*n - 3*n + 11. What is the remainder when ((r - -1) + -1)*o is divided by 21?
20
Suppose -185 = 2*d - 7*d. Suppose 0 = n + 4*n + 175. Let s = -16 - n. Calculate the remainder when d is divided by s.
18
Let x = -8 + 21. Calculate the remainder when x is divided by (-1)/((-69)/(-161)*1/(-3)).
6
Let y(i) = -i + 2. Let t(d) = 4*d - 10. Let n(f) = -3*t(f) - 14*y(f). What is the remainder when n(4) is divided by (-8)/(-2) + (-8)/(-4)?
4
Let u(d) = -d**3 + 9*d**2 - 6*d + 8. What is the remainder when u(8) is divided by 9?
6
Suppose -2*c + 1 = -3. Suppose -5*h = -46 + 6. Suppose -j - h = -c*j. Calculate the remainder when 23 is divided by j.
7
Suppose -3*d - 4*u = 80, 3*d - 3*u = 2*d - 44. Let o = 1 - d. Let h = 59 - o. What is the remainder when h is divided by 14?
12
Let z = -76 + 116. Let i = 0 - -3. Suppose -4*o + z = 5*q, -i*q - 2*o + 12 = -12. Calculate the remainder when 15 is divided by q.
7
Let j be (-9)/(-5) - (-2)/10. Suppose -72 = -3*a - 3*x, -j*a + 5*x + 27 = -28. Calculate the remainder when a is divided by 9.
7
Let l(d) = d + 14. Let f be l(-11). Suppose 0 = 3*i + f*u - 33, 2*i + 5*u + 1 = 4*i. What is the remainder when 14 is divided by i?
6
Let t be 1 + 3/6*2. Suppose 2*q - 41 = -5*p, -t*p - 1 = -q + 2*p. Calculate the remainder when q is divided by 7.
6
Suppose -2*a + 0*a - 2 = 0. Let z(k) = -16*k**3 + k**2 - k - 1. What is the remainder when z(a) is divided by 5?
2
Suppose -s + 67 = -3*k, 9 = -2*k - k. What is the remainder when 231 is divided by s?
57
Let y(k) = 3*k**2 + 2*k + 4. Let a(s) = s**2 - s + 1. Let b be a(2). Suppose 2*j + b*j = 65. What is the remainder when y(3) is divided by j?
11
Let i(v) = -24*v - 3. Let s be i(-5). Let q = s - 80. Let w = 25 - 6. Calculate the remainder when q is divided by w.
18
Let n be 2/7 + (-36)/28. What is the remainder when (n/2)/(1/(-74)) is divided by 13?
11
Suppose -5*i + 5*x - 12 = -32, 4*i = -3*x + 9. What is the remainder when 1/(i - (-98)/(-33)) is divided by 12?
9
Let d be (0 - 0)/(-2 - 1). Suppose -3*c + 2*j + j = 0, -4*j + 20 = d. What is the remainder when (4 - 0)/(2/7) is divided by c?
4
Suppose -2*z + 3*t = 8*t + 17, 3*z = 4*t + 32. Suppose -9 = -4*x + 11, 3*q + 4*x - 29 = 0. Suppose p - 13 = -q. What is the remainder when p is divided by z?
2
Let y(m) = m**3 - 7*m**2 + 5*m + 7. What is the remainder when y(7) is divided by -2 - -6 - (-14 + -4)?
20
Suppose 3*m + 2*q - 198 = -3*q, -4*q = 3*m - 201. Let p = 10 - -6. Suppose -4*d + p = -56. Calculate the remainder when m is divided by d.
17
Let r = 16 - 9. Let g(k) = 4*k - 8. Let s(o) = 3*o - 7. Let i(h) = -2*g(h) + 3*s(h). Calculate the remainder when 6 is divided by i(r).
0
Suppose 5*w = 3*w + 16. Let x = 19 + 10. What is the remainder whe